50?
3
What is the tens digit of 768?
6
What is the tens digit of 157745?
4
What is the units digit of 2671?
1
What is the thousands digit of 2926?
2
What is the hundreds digit of 8112?
1
What is the units digit of 72467?
7
What is the hundreds digit of 19940?
9
What is the hundreds digit of 187?
1
What is the units digit of 4702?
2
What is the ten thousands digit of 15545?
1
What is the units digit of 27726?
6
What is the thousands digit of 7711?
7
What is the units digit of 80441?
1
What is the hundreds digit of 593?
5
What is the thousands digit of 2256?
2
What is the tens digit of 74344?
4
What is the hundreds digit of 1794?
7
What is the hundreds digit of 49264?
2
What is the hundreds digit of 39855?
8
What is the units digit of 810?
0
What is the hundreds digit of 19685?
6
What is the units digit of 423?
3
What is the tens digit of 56429?
2
What is the hundreds digit of 171?
1
What is the tens digit of 23740?
4
What is the thousands digit of 17520?
7
What is the thousands digit of 55392?
5
What is the units digit of 13393?
3
What is the hundreds digit of 4212?
2
What is the hundreds digit of 222?
2
What is the units digit of 1635?
5
What is the thousands digit of 4560?
4
What is the ten thousands digit of 34466?
3
What is the tens digit of 920?
2
What is the units digit of 38948?
8
What is the units digit of 1534?
4
What is the hundred thousands digit of 102735?
1
What is the units digit of 25069?
9
What is the tens digit of 1060?
6
What is the hundreds digit of 1432?
4
What is the ten thousands digit of 30454?
3
What is the tens digit of 4078?
7
What is the tens digit of 1507?
0
What is the hundreds digit of 131826?
8
What is the units digit of 15141?
1
What is the thousands digit of 2128?
2
What is the thousands digit of 34607?
4
What is the tens digit of 90536?
3
What is the thousands digit of 6602?
6
What is the hundreds digit of 2551?
5
What is the tens digit of 830?
3
What is the tens digit of 315?
1
What is the units digit of 123?
3
What is the thousands digit of 3700?
3
What is the tens digit of 9093?
9
What is the ten thousands digit of 10746?
1
What is the hundreds digit of 48693?
6
What is the tens digit of 10908?
0
What is the tens digit of 14471?
7
What is the hundreds digit of 31444?
4
What is the units digit of 15933?
3
What is the units digit of 1417?
7
What is the units digit of 1333?
3
What is the thousands digit of 7730?
7
What is the hundreds digit of 2783?
7
What is the hundreds digit of 1254?
2
What is the tens digit of 1156?
5
What is the units digit of 11407?
7
What is the units digit of 1862?
2
What is the units digit of 113?
3
What is the hundred thousands digit of 108741?
1
What is the thousands digit of 136900?
6
What is the units digit of 2958?
8
What is the thousands digit of 10597?
0
What is the hundreds digit of 11312?
3
What is the ten thousands digit of 34038?
3
What is the units digit of 2423?
3
What is the hundreds digit of 563?
5
What is the thousands digit of 9856?
9
What is the units digit of 678?
8
What is the units digit of 5846?
6
What is the units digit of 17?
7
What is the tens digit of 5177?
7
What is the units digit of 3493?
3
What is the tens digit of 48729?
2
What is the tens digit of 55?
5
What is the units digit of 7120?
0
What is the thousands digit of 3286?
3
What is the units digit of 6414?
4
What is the units digit of 937?
7
What is the thousands digit of 1912?
1
What is the thousands digit of 16211?
6
What is the units digit of 26467?
7
What is the units digit of 490?
0
What is the units digit of 6605?
5
What is the tens digit of 2540?
4
What is the tens digit of 7387?
8
What is the hundreds digit of 5416?
4
What is the hundreds digit of 934?
9
What is the thousands digit of 10632?
0
What is the units digit of 283?
3
What is the ten thousands digit of 24433?
2
What is the tens digit of 145?
4
What is the hundreds digit of 70118?
1
What is the thousands digit of 13676?
3
What is the hundred thousands digit of 137151?
1
What is the tens digit of 6554?
5
What is the ten thousands digit of 56873?
5
What is the units digit of 5303?
3
What is the units digit of 15761?
1
What is the tens digit of 16944?
4
What is the thousands digit of 23412?
3
What is the units digit of 58330?
0
What is the tens digit of 9630?
3
What is the tens digit of 68093?
9
What is the thousands digit of 3881?
3
What is the units digit of 871?
1
What is the tens digit of 4070?
7
What is the units digit of 16654?
4
What is the tens digit of 2749?
4
What is the units digit of 1720?
0
What is the units digit of 106694?
4
What is the units digit of 65282?
2
What is the tens digit of 153?
5
What is the hundreds digit of 176?
1
What is the tens digit of 4062?
6
What is the thousands digit of 15304?
5
What is the units digit of 2474?
4
What is the units digit of 1317?
7
What is the units digit of 7081?
1
What is the units digit of 4441?
1
What is the units digit of 3566?
6
What is the tens digit of 57051?
5
What is the tens digit of 8954?
5
What is the hundreds digit of 2808?
8
What is the units digit of 844?
4
What is the hundreds digit of 16299?
2
What is the units digit of 5713?
3
What is the units digit of 544?
4
What is the tens digit of 7315?
1
What is the hundreds digit of 5641?
6
What is the ten thousands digit of 11435?
1
What is the thousands digit of 2832?
2
What is the tens digit of 8873?
7
What is the tens digit of 6217?
1
What is the thousands digit of 19935?
9
What is the ten thousands digit of 18048?
1
What is the thousands digit of 1229?
1
What is the tens digit of 69036?
3
What is the units digit of 73671?
1
What is the hundreds digit of 26421?
4
What is the hundreds digit of 3602?
6
What is the units digit of 56?
6
What is the hundreds digit of 6475?
4
What is the units digit of 2048?
8
What is the hundreds digit of 138983?
9
What is the hundreds digit of 29423?
4
What is the units digit of 152883?
3
What is the tens digit of 1755?
5
What is the tens digit of 154805?
0
What is the tens digit of 40795?
9
What is the units digit of 30562?
2
What is the tens digit of 79?
7
What is the hundreds digit of 737?
7
What is the ten thousands digit of 12088?
1
What is the hundreds digit of 63526?
5
What is the hundreds digit of 10112?
1
What is the hundreds digit of 1208?
2
What is the ten thousands digit of 59169?
5
What is the tens digit of 1665?
6
What is the hundreds digit of 527?
5
What is the units digit of 4696?
6
What is the hundreds digit of 35351?
3
What is the hundreds digit of 90006?
0
What is the hundreds digit of 106?
1
What is the tens digit of 617?
1
What is the thousands digit of 24268?
4
What is the tens digit of 2009?
0
What is the tens digit of 613?
1
What is the units digit of 603?
3
What is the units digit of 1631?
1
What is the units digit of 732?
2
What is the hundreds digit of 249?
2
What is the ten thousands digit of 12460?
1
What is the tens digit of 67001?
0
What is the thousands digit of 2194?
2
What is the tens digit of 12684?
8
What is the thousands digit of 20750?
0
What is the hundreds digit of 1089?
0
What is the ten thousands digit of 40917?
4
What is the units digit of 1089?
9
What is the hundreds digit of 29352?
3
What is the units digit of 392?
2
What is the units digit of 3401?
1
What is the hundreds digit of 257?
2
What is the hundreds digit of 58846?
8
What is the tens digit of 882?
8
What is the hundred thousands digit of 115960?
1
What is the hundreds digit of 19433?
4
What is the hundreds digit of 76747?
7
What is the hundreds digit of 792?
7
What is the thousands digit of 1034?
1
What is the tens digit of 216?
1
What is the hundreds digit of 3586?
5
What is the thousands digit of 13961?
3
What is the units digit of 275?
5
What is the tens digit of 29733?
3
What is the hundreds digit of 13049?
0
What is the thousands digit of 5944?
5
What is the units digit of 62513?
3
What is the units digit of 1808?
8
What is the units digit of 7771?
1
What is the units digit of 23417?
7
What is the units digit of 162?
2
What is the units digit of 2323?
3
What is the units digit of 3406?
6
What is the units digit of 6225?
5
What is the tens digit of 6608?
0
What is the ten thousands digit of 197402?
9
What is the units digit of 1156?
6
What is the ten thousands digit of 15939?
1
What